 Let z be t(-6). Let i = z - -26. Is i a prime number?
False
Suppose 97 = -4*z - 127. Let s be 2/(9/(-21) - 52/z). Suppose -10*q + 2454 = -s*q. Is q a composite number?
False
Suppose -20 = -j + 5*o, 0*j = -2*j + o + 4. Suppose 25*x - 6*x - 20083 = j. Is x composite?
True
Let z(b) = b**2 + 21*b + 518651. Is z(0) a prime number?
False
Let l be (5 + -1)/(8/8). Is (2 - l)/(4*2/(-22004)) prime?
True
Suppose -6337 = -3*j + 5*x, 5*x - 4*x + 5 = 0. Let k(h) = 527*h - 1. Let b be k(-2). Let o = j + b. Is o prime?
True
Let w(h) = 3665*h + 6908. Is w(75) composite?
False
Suppose 0 = -b - 2*w - 7355, 4*w + 36793 = -2*b - 3*b. Let g = b + 12312. Suppose -2*x + 5*x + 2*p - g = 0, 5*x = -3*p + 8252. Is x a prime number?
False
Let a = -62821 - -101766. Is a prime?
False
Let s(y) be the second derivative of y**4/4 - 3*y**3 + 83*y**2 - 271*y. Is s(-47) composite?
False
Let m = 69 - 43. Suppose -4*o - 3*u = -u - 48, -u - m = -3*o. Suppose 8872 = o*a - 2*a. Is a a composite number?
False
Let u(i) = 38*i**2 - 192*i + 455. Is u(-102) a prime number?
True
Let k(p) = 61769*p**2 + p + 11. Is k(1) a prime number?
True
Let g(q) be the first derivative of -41*q**2 + 83*q + 29. Is g(-9) prime?
True
Suppose 2*h - 575160 = 2*d, h - 188783 - 98805 = -3*d. Is h a prime number?
False
Let i = 35 + -14. Let c be 14*(10/(-4) - (41 + -43)). Is 4422/i - 3/c a composite number?
False
Suppose 0*w = -10*w + 623749 - 153339. Is w composite?
False
Let p(h) = 2*h + 58. Let g be p(-27). Suppose 2*c - 13058 = 4*b, g*c + 2*b - 26136 = 5*b. Is c a prime number?
False
Suppose 10*j = 5*j + 19230. Let f = j - -1157. Is f composite?
False
Let t(j) = -2054*j - 4. Let u be t(-13). Let f = -16166 + u. Suppose -f = 2*x - 6*x. Is x a prime number?
True
Suppose 20*t + 5*t = 81275. Is t prime?
True
Let s be 0 + (-1 - 0) + 11 + -37. Let u be ((-4)/(-3))/((-12)/s). Suppose 4*p + 5*l - 3560 = 0, -4*p - 314 = -u*l - 3906. Is p prime?
False
Let y be (-1)/(-3) - (1 + (-27468)/(-27)). Let h = y + 1805. Is h prime?
True
Let t = -1017142 + 1892391. Is t prime?
False
Let g be ((-2)/3)/((-2)/3). Let t(i) = 97*i**2 - 4*i + 1. Is t(g) composite?
True
Suppose 0 = -291*q + 287*q + 6692. Suppose 5*f = 5*d + f - 2081, 4*d + 5*f = q. Is d composite?
True
Let c(d) = -1195*d + 329. Is c(-24) prime?
True
Suppose 444797 = 5*b + 7*d, 29*b + 3*d = 24*b + 444773. Is b a prime number?
True
Let t be -3 - -2 - (-84)/4. Is 546 - 5/20*t composite?
False
Let k = 33 - 5. Let y = k + -19. Is -2*y/45*(-12895)/2 composite?
False
Let k = -21 + 23. Suppose 0 = -k*m - m + 45. Suppose -16*z = -m*z - 1679. Is z prime?
False
Let k be -2 - (3 - 2)*0/(-1). Let t be k/(386/97 - 4). Let a = 224 - t. Is a prime?
True
Let j(c) = -2*c**3 - 1. Let m be j(-1). Let h be -4 - (4 + -4 - m)*1. Is h - (-4 - 487 - 3) composite?
False
Suppose -g + 7*c = 5*c - 2, -17 = -g - 3*c. Let i(t) = -t**3 + 13*t**2 - 8*t - 5. Is i(g) a composite number?
False
Suppose -x - 3*x + 5963508 = -4*d, 4*d - 2981706 = -2*x. Is x composite?
False
Let w(p) = -p**3 + 8*p**2 - 6*p - 6. Let k be w(7). Is k/2*(-31)/((-186)/27684) prime?
False
Suppose 0 = -6*w + 9*w + 1221. Let j = w + 592. Suppose r - 2*p = j, -2*r + 224 = -p - 134. Is r prime?
False
Let m(u) = -u**3 - 10*u**2 + 17*u + 25. Let v be (0 + -26)*((-36)/8 + 5). Is m(v) prime?
True
Is 1015/(-290) + 1668221/2 a composite number?
False
Suppose 56 = -5*s - 3*n, 9 + 1 = -5*n. Let g be (-4 + (-1922)/s)*5. Suppose -3*b - 308 + g = 0. Is b a composite number?
False
Let u be (-2)/(-4)*(9 + -5). Let b be (u - -8)/((-6 - -3) + 5). Suppose b*g - 2*n - n = 1472, 0 = g + 3*n - 298. Is g prime?
False
Let g be 7/6*14*(-18)/(-6). Suppose -g*b = -48*b - 3067. Is b a prime number?
True
Let k(g) = -2*g - 2. Let o(t) = 756*t - 61. Let b(c) = 6*k(c) + o(c). Is b(6) a prime number?
True
Suppose -437*l + 63259851 = -213113728 - 100481674. Is l a prime number?
True
Let q = 230 - 231. Is (q - -179)*(6 - 3/(-6)) prime?
False
Suppose 0 = 3*u - 2*i + 131, -8*u + 7*u - i - 37 = 0. Let m = 252 + -176. Let h = m + u. Is h composite?
True
Let y(f) be the third derivative of -431*f**6/120 - f**5/60 - 17*f**2. Let k be y(-2). Suppose -2*v - 2*q = -k, 2*v + q + 1732 = 3*v. Is v prime?
False
Suppose -124271 + 40224 = -o. Is o a composite number?
False
Let q(k) = -k**2 - 5*k**3 - 1 - 4*k + 2*k**2 + 4*k**2 + 4*k**3. Let u be q(3). Is -673*(2 + 2 - u) a prime number?
True
Let b(y) = 69*y**2 + 83*y - 9. Is b(-35) prime?
True
Let j(m) = -m**3 + 11*m**2 - 9*m + 14. Let x be j(10). Suppose 0 = -5*p + 2*f + x, -12 = -4*p + 3*f + f. Let u(k) = 95*k - 19. Is u(p) prime?
False
Suppose -28951894 = -438*w - 8333482. Is w a prime number?
False
Let u be 3/6 + 58/4. Let v(k) = -k**2 + 15*k + 36. Let s be v(16). Is 1*(-4)/s - (-7818)/u a composite number?
False
Suppose -41*w = -13*w + 16*w - 14068604. Is w prime?
False
Let o be (25968/(-5))/3*(-175)/70. Let w(m) = m**3 + 6*m**2 + 2. Let u be w(-6). Suppose o = 10*n - u*n. Is n composite?
False
Let b = -28 + 32. Let q(j) = -16*j - 2. Let o be q(b). Let y = o + 385. Is y a composite number?
True
Let n(p) = 283*p**3 - 5*p**2 - 7*p - 9. Let q be n(4). Let v = 2250 + q. Is v prime?
False
Let i be (-7 + -43)/(1 - 152/150). Let p = i - 2207. Is p composite?
False
Let c(a) = 25*a**2 + a - 93. Let t be (1035/(-460))/(3/(-4) - -1). Is c(t) prime?
False
Is -1111*1*3/12*-1*4 composite?
True
Let r = 63960 - 38141. Is r prime?
True
Let p(u) be the third derivative of -u**5/30 + u**4/4 + 2*u**3 + 14*u**2. Let o be p(8). Let y = o + 207. Is y a prime number?
True
Suppose -2*v - 448772 = -2*j, 5276334 = 40*j + 2*v - 3699316. Is j a prime number?
False
Suppose -69*z + 64*z = -x + 12791, 5*z - 38333 = -3*x. Is x a prime number?
True
Is 282712 - ((-1)/1 - (-92 - -88)) a composite number?
True
Suppose 6 + 10 = 8*h. Suppose g + 0 - 2 = 5*i, h*i + 11 = -3*g. Let y(t) = -1656*t + 1. Is y(i) prime?
True
Let l = 12808 + 5931. Is l a composite number?
True
Let i = 16 - 50. Let x be 193/(-4)*i*2. Suppose 0 = 3*v + 5*c - x, -v - 4*c = 3*v - 4364. Is v a composite number?
False
Let g(i) = i**3 + 10*i**2 + 15*i. Let d be g(-8). Suppose -a + p = -1513, 4*a - 4*p = -d*p + 6084. Is a a composite number?
True
Let x = 47 - 54. Let p be -5*(168/(-20))/x. Is (-1604 - 2)/(p/3) a composite number?
True
Suppose 10670 = -f + 31007. Let i = -12520 + f. Is i composite?
False
Let w(k) = 3936*k - 37. Is w(29) composite?
True
Let f(z) = 10*z**3 + 16*z**2 - 9*z - 2. Let t(m) = m + 1. Let x(h) = f(h) + 6*t(h). Is x(9) a composite number?
False
Suppose -171*w = -157*w - 183302. Is w a composite number?
False
Let h(o) = -5*o**3 + 36*o**2 - 8*o + 9. Let s be h(7). Suppose 4*b - 2050 = s*b + x, 3*x = -3*b + 3093. Is b a composite number?
True
Suppose -23*l + 148503 = 16*l - 36*l. Is l prime?
False
Let z(y) = -3*y**3 - 85*y**2 + 141*y + 201. Let o(q) = -q**3 - 28*q**2 + 47*q + 67. Let p(f) = 7*o(f) - 2*z(f). Is p(-28) a composite number?
True
Suppose 45*u - 13*u = 64. Suppose 2*b - 39145 = -y, -u*y = y - 5*b - 117391. Is y composite?
True
Suppose 4*h + 2119 = -31665. Let y be h/(-6) + (-38)/57. Suppose y = 4*t - t. Is t prime?
False
Let w = -999 - -3032. Suppose 12264 = 4*i - b, -i + w = -5*b - 1014. Is i prime?
True
Let d(r) = -163*r - 11. Let x be ((-2)/5)/(12/(-720)). Suppose 0 = 19*c - 15*c + x. Is d(c) a prime number?
True
Let v = 64 - 64. Suppose 2*j + 6 - 2 = v. Is -393*(-3 + 39/9 + j) composite?
True
Let k be 2/(-4) - (-5)/2. Let l be (122/4)/(21/10962*9). Suppose 5*p - 4445 = -k*z, l = 2*p - 2*z + z. Is p a composite number?
False
Suppose 3*l + 0*l - 12 = 0. Let o be ((-5)/((-25)/30))/(l/998). Is (o/(-9) + -1)*(-12)/8 prime?
True
Let i = -472 + 489. Suppose -20*l + 28629 = -i*l. Is l a prime number?
False
Let h = 48 - 36. Suppose 3*i + h = 6*i. Let w = 50 - i. Is w a composite number?
True
Let n(i) = 7251*i**2 - 770*i + 3818. Is n(5) prime?
True
Suppose -4*o + 160007 = -658717. Is 5/(60/o) + 2/8 a prime number?
False
Let q be 22259/9 + (-14)/63. Suppose 323 - q = -2*v. Let r = -518 + v. Is r a composite number?
False
Suppose -8*z - h = -352158 - 935452, -2*z - h = -321904. Is z composite?
True
Let x(h) = -11*h**3 - 66*h**2 + 70*h - 250. Is x(-41) composite?
True
Let b be (-111)/(-9)*3 + (0 - -2). Let u = b + -42. Let l(g) = 260*g**2 - 7. Is l(u) prime?
True
Let s(